{"id":10,"date":"2015-06-21T19:36:44","date_gmt":"2015-06-21T18:36:44","guid":{"rendered":"http:\/\/www.obec-jenikov.cz\/?page_id=10"},"modified":"2020-02-10T11:42:39","modified_gmt":"2020-02-10T10:42:39","slug":"povinne-informace","status":"publish","type":"page","link":"https:\/\/www.obecjenikov.cz\/?page_id=10","title":{"rendered":"Povinn\u00e9 informace"},"content":{"rendered":"<p><strong>N\u00e1zev:<\/strong> OBEC\u00a0Jen\u00edkov<\/p>\n<p><strong>D\u016fvod a zp\u016fsob zalo\u017een\u00ed<\/strong><\/p>\n<p>Podle z\u00e1kona \u010d. 128\/2000 Sb., o obc\u00edch (obecn\u00ed z\u0159\u00edzen\u00ed), v platn\u00e9m zn\u011bn\u00ed, \u00a0je obec z\u00e1kladn\u00edm \u00fazemn\u00edm samospr\u00e1vn\u00fdm spole\u010denstv\u00edm ob\u010dan\u016f, tvo\u0159\u00ed \u00fazemn\u00ed celek, kter\u00fd je vymezen hranic\u00ed \u00fazem\u00ed obce.<\/p>\n<ul>\n<li>Je ve\u0159ejnopr\u00e1vn\u00ed korporac\u00ed.<\/li>\n<li>Vystupuje v pr\u00e1vn\u00edch vztaz\u00edch sv\u00fdm jm\u00e9nem a nese odpov\u011bdnost z t\u011bchto vztah\u016f vypl\u00fdvaj\u00edc\u00ed.<\/li>\n<li>M\u00e1 vlastn\u00ed majetek a finan\u010dn\u00ed zdroje; hospoda\u0159\u00ed s nimi samostatn\u011b za podm\u00ednek stanoven\u00fdch zvl\u00e1\u0161tn\u00edm z\u00e1konem.<\/li>\n<li>Vyd\u00e1v\u00e1 potvrzen\u00ed a vyhotovuje zpr\u00e1vy pro pot\u0159eby fyzick\u00fdch a pr\u00e1vnick\u00fdch osob, jen stanov\u00ed-li tak obecn\u011b z\u00e1vazn\u00fd p\u0159edpis.<\/li>\n<li>Spravuje sv\u00e9 z\u00e1le\u017eitosti samostatn\u011b; p\u0159i v\u00fdkonu samostatn\u00e9 p\u016fsobnosti se \u0159\u00edd\u00ed jen z\u00e1kony a obecn\u011b z\u00e1vazn\u00fdmi pr\u00e1vn\u00edmi p\u0159edpisy vydan\u00fdmi \u00fast\u0159edn\u00edmi org\u00e1ny k jejich proveden\u00ed. K pln\u011bn\u00ed sv\u00fdch \u00fakol\u016f m\u016f\u017ee obec vyd\u00e1vat pro sv\u016fj \u00fazemn\u00ed obvod obecn\u011b z\u00e1vazn\u00e9 vyhl\u00e1\u0161ky.<\/li>\n<li>Sestavuje sv\u016fj rozpo\u010det a hospoda\u0159\u00ed podle n\u011bj.<\/li>\n<li>Vede \u00fa\u010detnictv\u00ed o stavu a pohybu majetku, o p\u0159\u00edjmech a v\u00fddaj\u00edch a o finan\u010dn\u00edch vztaz\u00edch ke st\u00e1tn\u00edmu rozpo\u010dtu podle zvl\u00e1\u0161tn\u00edho pr\u00e1vn\u00edho p\u0159edpisu (z\u00e1kon \u010d. 563\/1991 Sb., v platn\u00e9m zn\u011bn\u00ed).<\/li>\n<li>M\u016f\u017ee vytv\u00e1\u0159et dobrovoln\u00e9 svazky obc\u00ed.<\/li>\n<li>Vykon\u00e1v\u00e1 st\u00e1tn\u00ed spr\u00e1vu v rozsahu stanoven\u00e9m zvl\u00e1\u0161tn\u00edmi z\u00e1kony (viz. d\u00e1le).<\/li>\n<\/ul>\n<p>Nejvy\u0161\u0161\u00edm org\u00e1nem obce je zastupitelstvo obce, kter\u00e9 je voleno na 4let\u00e9 obdob\u00ed. Po\u010det \u010dlen\u016f zastupitelstva obce stanov\u00ed p\u0159\u00edslu\u0161n\u00e9 zastupitelstvo nejpozd\u011bji do 85 dn\u016f p\u0159ede dnem voleb.<\/p>\n<table id=\"table3\" border=\"1\" cellspacing=\"0\" cellpadding=\"2\">\n<tbody>\n<tr>\n<td align=\"center\" valign=\"top\">\u010c\u00edslo<\/td>\n<td valign=\"top\">N\u00e1zev<\/td>\n<td valign=\"top\">Informace<\/td>\n<\/tr>\n<tr>\n<td align=\"center\" valign=\"top\">1.<\/td>\n<td valign=\"top\">Ofici\u00e1ln\u00ed n\u00e1zev<\/td>\n<td valign=\"top\">Obec Jen\u00edkov<\/td>\n<\/tr>\n<tr>\n<td align=\"center\" valign=\"top\">2.<\/td>\n<td valign=\"top\">D\u016fvod a zp\u016fsob zalo\u017een\u00ed<\/td>\n<td valign=\"top\">dle z\u00e1kona \u010d.128\/2000 Sb.<\/td>\n<\/tr>\n<tr>\n<td align=\"center\" valign=\"top\">3.<\/td>\n<td valign=\"top\">\u00da\u0159edn\u00ed hodiny<\/td>\n<td valign=\"top\">\u00a0<a href=\"http:\/\/www.obec-jenikov.cz\/?page_id=8\" target=\"_blank\" rel=\"noopener noreferrer\">viz &#8211; Obecn\u00ed \u00fa\u0159ad<\/a><\/td>\n<\/tr>\n<tr>\n<td align=\"center\" valign=\"top\">4.<\/td>\n<td valign=\"top\">Kontaktn\u00ed spojen\u00ed<\/td>\n<td valign=\"top\">viz. sekce obecn\u00ed \u00fa\u0159ad\/kontakty<\/td>\n<\/tr>\n<tr>\n<td align=\"center\" valign=\"top\">5.<\/td>\n<td valign=\"top\">P\u0159\u00edpadn\u00e9 platby m\u016f\u017eete pouk\u00e1zatna \u00fa\u010det \u010d\u00edslo<\/td>\n<td valign=\"top\">\u00a01141602309\/0800<\/td>\n<\/tr>\n<tr>\n<td align=\"center\" valign=\"top\">6.<\/td>\n<td valign=\"top\">I\u010cO<\/td>\n<td valign=\"top\">00654744<\/td>\n<\/tr>\n<tr>\n<td align=\"center\">7.<\/td>\n<td>DI\u010c<\/td>\n<td>&#8211;<\/td>\n<\/tr>\n<tr>\n<td align=\"center\" valign=\"top\">8.<\/td>\n<td valign=\"top\">Rozpo\u010det v tomto a\u00a0p\u0159edchoz\u00edm roce<\/td>\n<td valign=\"top\">viz. sekce obecn\u00ed \u00fa\u0159ad\/rozpo\u010det<\/td>\n<\/tr>\n<tr>\n<td align=\"center\" valign=\"top\">9.<\/td>\n<td valign=\"top\">\u017d\u00e1dosti o informace<\/td>\n<td valign=\"top\">osobn\u011b na O\u00da v \u00fa\u0159edn\u00ed hodiny<br \/>\np\u00edsemn\u011b<br \/>\nemailem<\/td>\n<\/tr>\n<tr>\n<td align=\"center\" valign=\"top\">10.<\/td>\n<td valign=\"top\">P\u0159\u00edjem \u017e\u00e1dost\u00ed a dal\u0161\u00edch pod\u00e1n\u00ed<\/td>\n<td valign=\"top\">osobn\u011b na O\u00da v \u00fa\u0159edn\u00ed hodiny<\/td>\n<\/tr>\n<tr>\n<td align=\"center\" valign=\"top\">11.<\/td>\n<td valign=\"top\">Opravn\u00e9 prost\u0159edky<\/td>\n<td valign=\"top\">osobn\u011b na O\u00da v \u00fa\u0159edn\u00ed hodiny<\/td>\n<\/tr>\n<tr>\n<td align=\"center\" valign=\"top\">12.<\/td>\n<td valign=\"top\">Formul\u00e1\u0159e<\/td>\n<td valign=\"top\">osobn\u011b na O\u00da v \u00fa\u0159edn\u00ed hodiny Doporu\u010dujeme tak\u00e9 <a href=\"http:\/\/www.mvcr.cz\/agenda\/blankety\/2000\/\" target=\"_blank\" rel=\"noopener noreferrer\">str\u00e1nku Ministerstva vnitra<\/a>.<\/td>\n<\/tr>\n<tr>\n<td align=\"center\" valign=\"top\">13.<\/td>\n<td valign=\"top\">N\u00e1vody pro \u0159e\u0161en\u00ed nejr\u016fzn\u011bj\u0161\u00edch \u017eivotn\u00edch situac\u00ed<\/td>\n<td valign=\"top\">&#8211;<\/td>\n<\/tr>\n<tr>\n<td align=\"center\" valign=\"top\">14.<\/td>\n<td valign=\"top\">Nejd\u016fle\u017eit\u011bj\u0161\u00ed p\u0159edpisy<\/td>\n<td valign=\"top\">z\u00e1kon \u010d. 128\/2000 Sb.<br \/>\nz\u00e1kon \u010d. 106\/1999 Sb.<br \/>\norganiza\u010dn\u00ed \u0159\u00e1dy a intern\u00ed p\u0159edpisy<\/td>\n<\/tr>\n<tr>\n<td align=\"center\" valign=\"top\">15.<\/td>\n<td valign=\"top\">Sazebn\u00edk \u00fahrad za poskytov\u00e1n\u00ed informac\u00ed<\/td>\n<td valign=\"top\">&#8211;<\/td>\n<\/tr>\n<tr>\n<td align=\"center\" valign=\"top\">16.<\/td>\n<td valign=\"top\">V\u00fdro\u010dn\u00ed zpr\u00e1va podle z\u00e1kona \u010d. 106\/1999 Sb.<\/td>\n<td valign=\"top\"><a href=\"http:\/\/www.obec-jenikov.cz\/?page_id=2262\" target=\"_blank\" rel=\"noopener noreferrer\">V\u00fdro\u010dn\u00ed zpr\u00e1vy podle z\u00e1kona 106\/1999 Sb.<\/a><\/td>\n<\/tr>\n<tr>\n<td align=\"center\" valign=\"top\">17.<\/td>\n<td valign=\"top\">Seznam p\u0159\u00edsp\u011bvkov\u00fdch organizac\u00ed<\/td>\n<td valign=\"top\">\n<ul>\n<li>Vodn\u00ed hospod\u00e1\u0159stv\u00ed Jen\u00edkov &#8211; I\u010c: 28824741<\/li>\n<li>Lesn\u00ed hospod\u00e1\u0159stv\u00ed Jen\u00edkov &#8211; I\u010c: 28777891<\/li>\n<\/ul>\n<\/td>\n<\/tr>\n<\/tbody>\n<\/table>\n","protected":false},"excerpt":{"rendered":"<p>N\u00e1zev: OBEC\u00a0Jen\u00edkov D\u016fvod a zp\u016fsob zalo\u017een\u00ed Podle z\u00e1kona \u010d. 128\/2000 Sb., o obc\u00edch (obecn\u00ed z\u0159\u00edzen\u00ed), v platn\u00e9m zn\u011bn\u00ed, \u00a0je obec z\u00e1kladn\u00edm \u00fazemn\u00edm samospr\u00e1vn\u00fdm spole\u010denstv\u00edm ob\u010dan\u016f, tvo\u0159\u00ed \u00fazemn\u00ed celek, kter\u00fd je&#8230;<\/p>\n","protected":false},"author":1,"featured_media":0,"parent":0,"menu_order":0,"comment_status":"closed","ping_status":"closed","template":"","meta":{"jetpack_post_was_ever_published":false,"footnotes":""},"class_list":["post-10","page","type-page","status-publish","hentry","entry"],"jetpack_sharing_enabled":true,"jetpack_shortlink":"https:\/\/wp.me\/PaBo8P-a","jetpack-related-posts":[],"post_mailing_queue_ids":[],"_links":{"self":[{"href":"https:\/\/www.obecjenikov.cz\/index.php?rest_route=\/wp\/v2\/pages\/10","targetHints":{"allow":["GET"]}}],"collection":[{"href":"https:\/\/www.obecjenikov.cz\/index.php?rest_route=\/wp\/v2\/pages"}],"about":[{"href":"https:\/\/www.obecjenikov.cz\/index.php?rest_route=\/wp\/v2\/types\/page"}],"author":[{"embeddable":true,"href":"https:\/\/www.obecjenikov.cz\/index.php?rest_route=\/wp\/v2\/users\/1"}],"replies":[{"embeddable":true,"href":"https:\/\/www.obecjenikov.cz\/index.php?rest_route=%2Fwp%2Fv2%2Fcomments&post=10"}],"version-history":[{"count":12,"href":"https:\/\/www.obecjenikov.cz\/index.php?rest_route=\/wp\/v2\/pages\/10\/revisions"}],"predecessor-version":[{"id":2264,"href":"https:\/\/www.obecjenikov.cz\/index.php?rest_route=\/wp\/v2\/pages\/10\/revisions\/2264"}],"wp:attachment":[{"href":"https:\/\/www.obecjenikov.cz\/index.php?rest_route=%2Fwp%2Fv2%2Fmedia&parent=10"}],"curies":[{"name":"wp","href":"https:\/\/api.w.org\/{rel}","templated":true}]}}

Povinné informace

<p><strong>Název:</strong> OBEC Jeníkov</p>
<p><strong>Důvod a způsob založení</strong></p>
<p>Podle zákona č. 128/2000 Sb., o obcích (obecní zřízení), v platném znění,  je obec základním územním samosprávným společenstvím občanů, tvoří územní celek, který je vymezen hranicí území obce.</p>
<ul>
<li>Je veřejnoprávní korporací.</li>
<li>Vystupuje v právních vztazích svým jménem a nese odpovědnost z těchto vztahů vyplývající.</li>
<li>Má vlastní majetek a finanční zdroje; hospodaří s nimi samostatně za podmínek stanovených zvláštním zákonem.</li>
<li>Vydává potvrzení a vyhotovuje zprávy pro potřeby fyzických a právnických osob, jen stanoví-li tak obecně závazný předpis.</li>
<li>Spravuje své záležitosti samostatně; při výkonu samostatné působnosti se řídí jen zákony a obecně závaznými právními předpisy vydanými ústředními orgány k jejich provedení. K plnění svých úkolů může obec vydávat pro svůj územní obvod obecně závazné vyhlášky.</li>
<li>Sestavuje svůj rozpočet a hospodaří podle něj.</li>
<li>Vede účetnictví o stavu a pohybu majetku, o příjmech a výdajích a o finančních vztazích ke státnímu rozpočtu podle zvláštního právního předpisu (zákon č. 563/1991 Sb., v platném znění).</li>
<li>Může vytvářet dobrovolné svazky obcí.</li>
<li>Vykonává státní správu v rozsahu stanoveném zvláštními zákony (viz. dále).</li>
</ul>
<p>Nejvyšším orgánem obce je zastupitelstvo obce, které je voleno na 4leté období. Počet členů zastupitelstva obce stanoví příslušné zastupitelstvo nejpozději do 85 dnů přede dnem voleb.</p>
<table id="table3" border="1" cellspacing="0" cellpadding="2">
<tbody>
<tr>
<td align="center" valign="top">Číslo</td>
<td valign="top">Název</td>
<td valign="top">Informace</td>
</tr>
<tr>
<td align="center" valign="top">1.</td>
<td valign="top">Oficiální název</td>
<td valign="top">Obec Jeníkov</td>
</tr>
<tr>
<td align="center" valign="top">2.</td>
<td valign="top">Důvod a způsob založení</td>
<td valign="top">dle zákona č.128/2000 Sb.</td>
</tr>
<tr>
<td align="center" valign="top">3.</td>
<td valign="top">Úřední hodiny</td>
<td valign="top"> <a href="http://www.obec-jenikov.cz/?page_id=8" target="_blank" rel="noopener noreferrer">viz &#8211; Obecní úřad</a></td>
</tr>
<tr>
<td align="center" valign="top">4.</td>
<td valign="top">Kontaktní spojení</td>
<td valign="top">viz. sekce obecní úřad/kontakty</td>
</tr>
<tr>
<td align="center" valign="top">5.</td>
<td valign="top">Případné platby můžete poukázatna účet číslo</td>
<td valign="top"> 1141602309/0800</td>
</tr>
<tr>
<td align="center" valign="top">6.</td>
<td valign="top">IČO</td>
<td valign="top">00654744</td>
</tr>
<tr>
<td align="center">7.</td>
<td>DIČ</td>
<td>&#8211;</td>
</tr>
<tr>
<td align="center" valign="top">8.</td>
<td valign="top">Rozpočet v tomto a předchozím roce</td>
<td valign="top">viz. sekce obecní úřad/rozpočet</td>
</tr>
<tr>
<td align="center" valign="top">9.</td>
<td valign="top">Žádosti o informace</td>
<td valign="top">osobně na OÚ v úřední hodiny<br />
písemně<br />
emailem</td>
</tr>
<tr>
<td align="center" valign="top">10.</td>
<td valign="top">Příjem žádostí a dalších podání</td>
<td valign="top">osobně na OÚ v úřední hodiny</td>
</tr>
<tr>
<td align="center" valign="top">11.</td>
<td valign="top">Opravné prostředky</td>
<td valign="top">osobně na OÚ v úřední hodiny</td>
</tr>
<tr>
<td align="center" valign="top">12.</td>
<td valign="top">Formuláře</td>
<td valign="top">osobně na OÚ v úřední hodiny Doporučujeme také <a href="http://www.mvcr.cz/agenda/blankety/2000/" target="_blank" rel="noopener noreferrer">stránku Ministerstva vnitra</a>.</td>
</tr>
<tr>
<td align="center" valign="top">13.</td>
<td valign="top">Návody pro řešení nejrůznějších životních situací</td>
<td valign="top">&#8211;</td>
</tr>
<tr>
<td align="center" valign="top">14.</td>
<td valign="top">Nejdůležitější předpisy</td>
<td valign="top">zákon č. 128/2000 Sb.<br />
zákon č. 106/1999 Sb.<br />
organizační řády a interní předpisy</td>
</tr>
<tr>
<td align="center" valign="top">15.</td>
<td valign="top">Sazebník úhrad za poskytování informací</td>
<td valign="top">&#8211;</td>
</tr>
<tr>
<td align="center" valign="top">16.</td>
<td valign="top">Výroční zpráva podle zákona č. 106/1999 Sb.</td>
<td valign="top"><a href="http://www.obec-jenikov.cz/?page_id=2262" target="_blank" rel="noopener noreferrer">Výroční zprávy podle zákona 106/1999 Sb.</a></td>
</tr>
<tr>
<td align="center" valign="top">17.</td>
<td valign="top">Seznam příspěvkových organizací</td>
<td valign="top">
<ul>
<li>Vodní hospodářství Jeníkov &#8211; IČ: 28824741</li>
<li>Lesní hospodářství Jeníkov &#8211; IČ: 28777891</li>
</ul>
</td>
</tr>
</tbody>
</table>

<p>Název: OBEC Jeníkov Důvod a způsob založení Podle zákona č. 128/2000 Sb., o obcích (obecní zřízení), v platném znění,  je obec základním územním samosprávným společenstvím občanů, tvoří územní celek, který je&#8230;</p>
