{"id":2683,"date":"2020-06-18T13:58:08","date_gmt":"2020-06-18T12:58:08","guid":{"rendered":"http:\/\/www.obec-jenikov.cz\/?page_id=2683"},"modified":"2020-06-19T09:08:46","modified_gmt":"2020-06-19T08:08:46","slug":"pozarni-rad-obce-jenikov","status":"publish","type":"page","link":"https:\/\/www.obecjenikov.cz\/?page_id=2683","title":{"rendered":"Po\u017e\u00e1rn\u00ed \u0159\u00e1d obce Jen\u00edkov"},"content":{"rendered":"\n<div class=\"wp-block-file\"><a href=\"http:\/\/www.obec-jenikov.cz\/wp-content\/uploads\/2020\/06\/Po\u017e\u00e1rn\u00ed-\u0159\u00e1d-obce-2020.pdf\">Po\u017e\u00e1rn\u00ed-\u0159\u00e1d-obce-2020<\/a><a href=\"http:\/\/www.obec-jenikov.cz\/wp-content\/uploads\/2020\/06\/Po\u017e\u00e1rn\u00ed-\u0159\u00e1d-obce-2020.pdf\" class=\"wp-block-file__button\" download>St\u00e1hnout<\/a><\/div>\n\n\n\n<div class=\"wp-block-file\"><a href=\"http:\/\/www.obec-jenikov.cz\/wp-content\/uploads\/2020\/06\/Po\u017e\u00e1rn\u00ed-\u0159\u00e1d-obce-p\u0159\u00edloha-\u010d.1.pdf\">Po\u017e\u00e1rn\u00ed-\u0159\u00e1d-obce-p\u0159\u00edloha-\u010d.1<\/a><a href=\"http:\/\/www.obec-jenikov.cz\/wp-content\/uploads\/2020\/06\/Po\u017e\u00e1rn\u00ed-\u0159\u00e1d-obce-p\u0159\u00edloha-\u010d.1.pdf\" class=\"wp-block-file__button\" download>St\u00e1hnout<\/a><\/div>\n\n\n\n<div class=\"wp-block-file\"><a href=\"http:\/\/www.obec-jenikov.cz\/wp-content\/uploads\/2020\/06\/Po\u017e\u00e1rn\u00ed-\u0159\u00e1d-obce-p\u0159\u00edloha-\u010d.2.pdf\">Po\u017e\u00e1rn\u00ed-\u0159\u00e1d-obce-p\u0159\u00edloha-\u010d.2<\/a><a href=\"http:\/\/www.obec-jenikov.cz\/wp-content\/uploads\/2020\/06\/Po\u017e\u00e1rn\u00ed-\u0159\u00e1d-obce-p\u0159\u00edloha-\u010d.2.pdf\" class=\"wp-block-file__button\" download>St\u00e1hnout<\/a><\/div>\n\n\n\n<p><\/p>\n","protected":false},"excerpt":{"rendered":"","protected":false},"author":19,"featured_media":0,"parent":0,"menu_order":0,"comment_status":"closed","ping_status":"closed","template":"","meta":{"jetpack_post_was_ever_published":false,"footnotes":""},"class_list":["post-2683","page","type-page","status-publish","hentry","entry"],"jetpack_sharing_enabled":true,"jetpack_shortlink":"https:\/\/wp.me\/PaBo8P-Hh","jetpack-related-posts":[],"post_mailing_queue_ids":[],"_links":{"self":[{"href":"https:\/\/www.obecjenikov.cz\/index.php?rest_route=\/wp\/v2\/pages\/2683","targetHints":{"allow":["GET"]}}],"collection":[{"href":"https:\/\/www.obecjenikov.cz\/index.php?rest_route=\/wp\/v2\/pages"}],"about":[{"href":"https:\/\/www.obecjenikov.cz\/index.php?rest_route=\/wp\/v2\/types\/page"}],"author":[{"embeddable":true,"href":"https:\/\/www.obecjenikov.cz\/index.php?rest_route=\/wp\/v2\/users\/19"}],"replies":[{"embeddable":true,"href":"https:\/\/www.obecjenikov.cz\/index.php?rest_route=%2Fwp%2Fv2%2Fcomments&post=2683"}],"version-history":[{"count":4,"href":"https:\/\/www.obecjenikov.cz\/index.php?rest_route=\/wp\/v2\/pages\/2683\/revisions"}],"predecessor-version":[{"id":2693,"href":"https:\/\/www.obecjenikov.cz\/index.php?rest_route=\/wp\/v2\/pages\/2683\/revisions\/2693"}],"wp:attachment":[{"href":"https:\/\/www.obecjenikov.cz\/index.php?rest_route=%2Fwp%2Fv2%2Fmedia&parent=2683"}],"curies":[{"name":"wp","href":"https:\/\/api.w.org\/{rel}","templated":true}]}}