{"id":3392,"date":"2021-03-15T16:47:45","date_gmt":"2021-03-15T15:47:45","guid":{"rendered":"http:\/\/www.obec-jenikov.cz\/?page_id=3392"},"modified":"2021-03-20T10:01:01","modified_gmt":"2021-03-20T09:01:01","slug":"uzemni-plan-obce-jenikov","status":"publish","type":"page","link":"https:\/\/www.obecjenikov.cz\/?page_id=3392","title":{"rendered":"\u00dazemn\u00ed pl\u00e1n obce Jen\u00edkov"},"content":{"rendered":"\n<p><span class=\"has-inline-color has-vivid-red-color\"><span style=\"text-decoration: underline;\">\u00dapln\u00e9 zn\u011bn\u00ed \u00dazemn\u00edho pl\u00e1nu Jen\u00edkov po zm\u011bn\u011b \u010d.1<\/span><\/span><\/p>\n\n\n\n<div class=\"wp-block-file\"><a href=\"http:\/\/www.obec-jenikov.cz\/wp-content\/uploads\/2021\/03\/1.-Uplne-zneni-textove-casti-Uzemniho-planu-Jenikov-po-zmene-c.1.pdf\">1. \u00dapln\u00e9 zn\u011bn\u00ed textov\u00e9 \u010d\u00e1sti \u00dazemn\u00edho pl\u00e1nu Jen\u00edkov po zm\u011bn\u011b \u010d.1<\/a><a href=\"http:\/\/www.obec-jenikov.cz\/wp-content\/uploads\/2021\/03\/1.-Uplne-zneni-textove-casti-Uzemniho-planu-Jenikov-po-zmene-c.1.pdf\" class=\"wp-block-file__button\" download>St\u00e1hnout<\/a><\/div>\n\n\n\n<div class=\"wp-block-file\"><a href=\"http:\/\/www.obec-jenikov.cz\/wp-content\/uploads\/2021\/03\/2.-Vykres-zakladniho-cleneni-uzemi.pdf\">2. V\u00fdkres z\u00e1kladn\u00edho \u010dlen\u011bn\u00ed \u00fazem\u00ed<\/a><a href=\"http:\/\/www.obec-jenikov.cz\/wp-content\/uploads\/2021\/03\/2.-Vykres-zakladniho-cleneni-uzemi.pdf\" class=\"wp-block-file__button\" download>St\u00e1hnout<\/a><\/div>\n\n\n\n<div class=\"wp-block-file\"><a href=\"http:\/\/www.obec-jenikov.cz\/wp-content\/uploads\/2021\/03\/3.-Hlavni-vykres.pdf\">3. Hlavn\u00ed v\u00fdkres<\/a><a href=\"http:\/\/www.obec-jenikov.cz\/wp-content\/uploads\/2021\/03\/3.-Hlavni-vykres.pdf\" class=\"wp-block-file__button\" download>St\u00e1hnout<\/a><\/div>\n\n\n\n<div class=\"wp-block-file\"><a href=\"http:\/\/www.obec-jenikov.cz\/wp-content\/uploads\/2021\/03\/4a.-Vykres-koncepce-verejne-infrastruktury-energetika-telekomunikace.pdf\">4a. V\u00fdkres koncepce ve\u0159ejn\u00e9 infrastruktury &#8211; energetika, telekomunikace<\/a><a href=\"http:\/\/www.obec-jenikov.cz\/wp-content\/uploads\/2021\/03\/4a.-Vykres-koncepce-verejne-infrastruktury-energetika-telekomunikace.pdf\" class=\"wp-block-file__button\" download>St\u00e1hnout<\/a><\/div>\n\n\n\n<div class=\"wp-block-file\"><a href=\"http:\/\/www.obec-jenikov.cz\/wp-content\/uploads\/2021\/03\/4b.-Vykres-koncepce-verejne-infrastruktury-vodni-hospodarstvi.pdf\">4b. V\u00fdkres koncepce ve\u0159ejn\u00e9 infrastruktury &#8211; vodn\u00ed hospod\u00e1\u0159stv\u00ed<\/a><a href=\"http:\/\/www.obec-jenikov.cz\/wp-content\/uploads\/2021\/03\/4b.-Vykres-koncepce-verejne-infrastruktury-vodni-hospodarstvi.pdf\" class=\"wp-block-file__button\" download>St\u00e1hnout<\/a><\/div>\n\n\n\n<div class=\"wp-block-file\"><a href=\"http:\/\/www.obec-jenikov.cz\/wp-content\/uploads\/2021\/03\/5.-Koordinacni-vykres.pdf\">5. Koordina\u010dn\u00ed v\u00fdkres<\/a><a href=\"http:\/\/www.obec-jenikov.cz\/wp-content\/uploads\/2021\/03\/5.-Koordinacni-vykres.pdf\" class=\"wp-block-file__button\" download>St\u00e1hnout<\/a><\/div>\n\n\n\n<hr class=\"wp-block-separator\"\/>\n\n\n\n<p><span class=\"has-inline-color has-vivid-red-color\"><span style=\"text-decoration: underline;\">Zm\u011bna \u010d.1 \u00dazemn\u00edho pl\u00e1nu Jen\u00edkov &#8211; vydan\u00e1 formou opat\u0159en\u00ed obecn\u00e9 povahy dne 12.2.2020, kter\u00e1 nabyla \u00fa\u010dinnost dne 28.2.2020<\/span><\/span><\/p>\n\n\n\n<div class=\"wp-block-file\"><a href=\"http:\/\/www.obec-jenikov.cz\/wp-content\/uploads\/2021\/03\/0.-Verejna-vyhlaska-oznameni-vydani-Zmeny-c.1-Uzemniho-planu-UP-Jenikov.pdf\">0. Ve\u0159ejn\u00e1\u00a0 vyhl\u00e1\u0161ka &#8211; ozn\u00e1men\u00ed vyd\u00e1n\u00ed Zm\u011bny \u010d.1 \u00dazemn\u00edho pl\u00e1nu (\u00daP) Jen\u00edkov<\/a><a href=\"http:\/\/www.obec-jenikov.cz\/wp-content\/uploads\/2021\/03\/0.-Verejna-vyhlaska-oznameni-vydani-Zmeny-c.1-Uzemniho-planu-UP-Jenikov.pdf\" class=\"wp-block-file__button\" download>St\u00e1hnout<\/a><\/div>\n\n\n\n<div class=\"wp-block-file\"><a href=\"http:\/\/www.obec-jenikov.cz\/wp-content\/uploads\/2021\/03\/1a.-Textova-cast-navrhu-a-oduvodneni-Zmeny-c.1-UP-Jenikov.pdf\">1a. Textov\u00e1 \u010d\u00e1st n\u00e1vrhu a od\u016fvodn\u011bn\u00ed Zm\u011bny \u010d.1 UP Jen\u00edkov<\/a><a href=\"http:\/\/www.obec-jenikov.cz\/wp-content\/uploads\/2021\/03\/1a.-Textova-cast-navrhu-a-oduvodneni-Zmeny-c.1-UP-Jenikov.pdf\" class=\"wp-block-file__button\" download>St\u00e1hnout<\/a><\/div>\n\n\n\n<div class=\"wp-block-file\"><a href=\"http:\/\/www.obec-jenikov.cz\/wp-content\/uploads\/2021\/03\/1b.-Priloha-textove-casti-s-vyznacenim-zmen.pdf\">1b. P\u0159\u00edloha textov\u00e9 \u010d\u00e1sti s vyzna\u010den\u00edm zm\u011bn<\/a><a href=\"http:\/\/www.obec-jenikov.cz\/wp-content\/uploads\/2021\/03\/1b.-Priloha-textove-casti-s-vyznacenim-zmen.pdf\" class=\"wp-block-file__button\" download>St\u00e1hnout<\/a><\/div>\n\n\n\n<div class=\"wp-block-file\"><a href=\"http:\/\/www.obec-jenikov.cz\/wp-content\/uploads\/2021\/03\/2.-Vykres-zakladniho-cleneni-uzemi-1.pdf\">2. V\u00fdkres z\u00e1kladn\u00edho \u010dlen\u011bni \u00fazem\u00ed <\/a><a href=\"http:\/\/www.obec-jenikov.cz\/wp-content\/uploads\/2021\/03\/2.-Vykres-zakladniho-cleneni-uzemi-1.pdf\" class=\"wp-block-file__button\" download>St\u00e1hnout<\/a><\/div>\n\n\n\n<div class=\"wp-block-file\"><a href=\"http:\/\/www.obec-jenikov.cz\/wp-content\/uploads\/2021\/03\/3.-Hlavni-vykres-1.pdf\">3. Hlavn\u00ed v\u00fdkres<\/a><a href=\"http:\/\/www.obec-jenikov.cz\/wp-content\/uploads\/2021\/03\/3.-Hlavni-vykres-1.pdf\" class=\"wp-block-file__button\" download>St\u00e1hnout<\/a><\/div>\n\n\n\n<div class=\"wp-block-file\"><a href=\"http:\/\/www.obec-jenikov.cz\/wp-content\/uploads\/2021\/03\/4.-Vykres-koncepce-verejne-infrastruktury-energetika-telekomunikace.pdf\">4. V\u00fdkres koncepce ve\u0159ejn\u00e9 infrastruktury energetika, telekomunikace<\/a><a href=\"http:\/\/www.obec-jenikov.cz\/wp-content\/uploads\/2021\/03\/4.-Vykres-koncepce-verejne-infrastruktury-energetika-telekomunikace.pdf\" class=\"wp-block-file__button\" download>St\u00e1hnout<\/a><\/div>\n\n\n\n<div class=\"wp-block-file\"><a href=\"http:\/\/www.obec-jenikov.cz\/wp-content\/uploads\/2021\/03\/5.-Koordinacni-vykres-1.pdf\">5. Koordina\u010dn\u00ed v\u00fdkres<\/a><a href=\"http:\/\/www.obec-jenikov.cz\/wp-content\/uploads\/2021\/03\/5.-Koordinacni-vykres-1.pdf\" class=\"wp-block-file__button\" download>St\u00e1hnout<\/a><\/div>\n\n\n\n<div class=\"wp-block-file\"><a href=\"http:\/\/www.obec-jenikov.cz\/wp-content\/uploads\/2021\/03\/6.-Vykres-predpokladanych-zaboru-pudniho-fondu.pdf\">6. V\u00fdkres p\u0159edpokl\u00e1dan\u00fdch z\u00e1bor\u016f p\u016fdn\u00edho fondu<\/a><a href=\"http:\/\/www.obec-jenikov.cz\/wp-content\/uploads\/2021\/03\/6.-Vykres-predpokladanych-zaboru-pudniho-fondu.pdf\" class=\"wp-block-file__button\" download>St\u00e1hnout<\/a><\/div>\n","protected":false},"excerpt":{"rendered":"<p>\u00dapln\u00e9 zn\u011bn\u00ed \u00dazemn\u00edho pl\u00e1nu Jen\u00edkov po zm\u011bn\u011b \u010d.1 Zm\u011bna \u010d.1 \u00dazemn\u00edho pl\u00e1nu Jen\u00edkov &#8211; vydan\u00e1 formou opat\u0159en\u00ed obecn\u00e9 povahy dne 12.2.2020, kter\u00e1 nabyla \u00fa\u010dinnost dne 28.2.2020<\/p>\n","protected":false},"author":19,"featured_media":3405,"parent":0,"menu_order":0,"comment_status":"closed","ping_status":"closed","template":"","meta":{"jetpack_post_was_ever_published":false,"footnotes":""},"class_list":["post-3392","page","type-page","status-publish","has-post-thumbnail","hentry","entry"],"jetpack_sharing_enabled":true,"jetpack_shortlink":"https:\/\/wp.me\/PaBo8P-SI","jetpack-related-posts":[],"post_mailing_queue_ids":[],"_links":{"self":[{"href":"https:\/\/www.obecjenikov.cz\/index.php?rest_route=\/wp\/v2\/pages\/3392","targetHints":{"allow":["GET"]}}],"collection":[{"href":"https:\/\/www.obecjenikov.cz\/index.php?rest_route=\/wp\/v2\/pages"}],"about":[{"href":"https:\/\/www.obecjenikov.cz\/index.php?rest_route=\/wp\/v2\/types\/page"}],"author":[{"embeddable":true,"href":"https:\/\/www.obecjenikov.cz\/index.php?rest_route=\/wp\/v2\/users\/19"}],"replies":[{"embeddable":true,"href":"https:\/\/www.obecjenikov.cz\/index.php?rest_route=%2Fwp%2Fv2%2Fcomments&post=3392"}],"version-history":[{"count":12,"href":"https:\/\/www.obecjenikov.cz\/index.php?rest_route=\/wp\/v2\/pages\/3392\/revisions"}],"predecessor-version":[{"id":3460,"href":"https:\/\/www.obecjenikov.cz\/index.php?rest_route=\/wp\/v2\/pages\/3392\/revisions\/3460"}],"wp:featuredmedia":[{"embeddable":true,"href":"https:\/\/www.obecjenikov.cz\/index.php?rest_route=\/wp\/v2\/media\/3405"}],"wp:attachment":[{"href":"https:\/\/www.obecjenikov.cz\/index.php?rest_route=%2Fwp%2Fv2%2Fmedia&parent=3392"}],"curies":[{"name":"wp","href":"https:\/\/api.w.org\/{rel}","templated":true}]}}

Územní plán obce Jeníkov

<p><span class="has-inline-color has-vivid-red-color"><span style="text-decoration: underline;">Úplné znění Územního plánu Jeníkov po změně č.1</span></span></p>



<div class="wp-block-file"><a href="http://www.obec-jenikov.cz/wp-content/uploads/2021/03/1.-Uplne-zneni-textove-casti-Uzemniho-planu-Jenikov-po-zmene-c.1.pdf">1. Úplné znění textové části Územního plánu Jeníkov po změně č.1</a><a href="http://www.obec-jenikov.cz/wp-content/uploads/2021/03/1.-Uplne-zneni-textove-casti-Uzemniho-planu-Jenikov-po-zmene-c.1.pdf" class="wp-block-file__button" download>Stáhnout</a></div>



<div class="wp-block-file"><a href="http://www.obec-jenikov.cz/wp-content/uploads/2021/03/2.-Vykres-zakladniho-cleneni-uzemi.pdf">2. Výkres základního členění území</a><a href="http://www.obec-jenikov.cz/wp-content/uploads/2021/03/2.-Vykres-zakladniho-cleneni-uzemi.pdf" class="wp-block-file__button" download>Stáhnout</a></div>



<div class="wp-block-file"><a href="http://www.obec-jenikov.cz/wp-content/uploads/2021/03/3.-Hlavni-vykres.pdf">3. Hlavní výkres</a><a href="http://www.obec-jenikov.cz/wp-content/uploads/2021/03/3.-Hlavni-vykres.pdf" class="wp-block-file__button" download>Stáhnout</a></div>



<div class="wp-block-file"><a href="http://www.obec-jenikov.cz/wp-content/uploads/2021/03/4a.-Vykres-koncepce-verejne-infrastruktury-energetika-telekomunikace.pdf">4a. Výkres koncepce veřejné infrastruktury &#8211; energetika, telekomunikace</a><a href="http://www.obec-jenikov.cz/wp-content/uploads/2021/03/4a.-Vykres-koncepce-verejne-infrastruktury-energetika-telekomunikace.pdf" class="wp-block-file__button" download>Stáhnout</a></div>



<div class="wp-block-file"><a href="http://www.obec-jenikov.cz/wp-content/uploads/2021/03/4b.-Vykres-koncepce-verejne-infrastruktury-vodni-hospodarstvi.pdf">4b. Výkres koncepce veřejné infrastruktury &#8211; vodní hospodářství</a><a href="http://www.obec-jenikov.cz/wp-content/uploads/2021/03/4b.-Vykres-koncepce-verejne-infrastruktury-vodni-hospodarstvi.pdf" class="wp-block-file__button" download>Stáhnout</a></div>



<div class="wp-block-file"><a href="http://www.obec-jenikov.cz/wp-content/uploads/2021/03/5.-Koordinacni-vykres.pdf">5. Koordinační výkres</a><a href="http://www.obec-jenikov.cz/wp-content/uploads/2021/03/5.-Koordinacni-vykres.pdf" class="wp-block-file__button" download>Stáhnout</a></div>



<hr class="wp-block-separator"/>



<p><span class="has-inline-color has-vivid-red-color"><span style="text-decoration: underline;">Změna č.1 Územního plánu Jeníkov &#8211; vydaná formou opatření obecné povahy dne 12.2.2020, která nabyla účinnost dne 28.2.2020</span></span></p>



<div class="wp-block-file"><a href="http://www.obec-jenikov.cz/wp-content/uploads/2021/03/0.-Verejna-vyhlaska-oznameni-vydani-Zmeny-c.1-Uzemniho-planu-UP-Jenikov.pdf">0. Veřejná  vyhláška &#8211; oznámení vydání Změny č.1 Územního plánu (ÚP) Jeníkov</a><a href="http://www.obec-jenikov.cz/wp-content/uploads/2021/03/0.-Verejna-vyhlaska-oznameni-vydani-Zmeny-c.1-Uzemniho-planu-UP-Jenikov.pdf" class="wp-block-file__button" download>Stáhnout</a></div>



<div class="wp-block-file"><a href="http://www.obec-jenikov.cz/wp-content/uploads/2021/03/1a.-Textova-cast-navrhu-a-oduvodneni-Zmeny-c.1-UP-Jenikov.pdf">1a. Textová část návrhu a odůvodnění Změny č.1 UP Jeníkov</a><a href="http://www.obec-jenikov.cz/wp-content/uploads/2021/03/1a.-Textova-cast-navrhu-a-oduvodneni-Zmeny-c.1-UP-Jenikov.pdf" class="wp-block-file__button" download>Stáhnout</a></div>



<div class="wp-block-file"><a href="http://www.obec-jenikov.cz/wp-content/uploads/2021/03/1b.-Priloha-textove-casti-s-vyznacenim-zmen.pdf">1b. Příloha textové části s vyznačením změn</a><a href="http://www.obec-jenikov.cz/wp-content/uploads/2021/03/1b.-Priloha-textove-casti-s-vyznacenim-zmen.pdf" class="wp-block-file__button" download>Stáhnout</a></div>



<div class="wp-block-file"><a href="http://www.obec-jenikov.cz/wp-content/uploads/2021/03/2.-Vykres-zakladniho-cleneni-uzemi-1.pdf">2. Výkres základního členěni území </a><a href="http://www.obec-jenikov.cz/wp-content/uploads/2021/03/2.-Vykres-zakladniho-cleneni-uzemi-1.pdf" class="wp-block-file__button" download>Stáhnout</a></div>



<div class="wp-block-file"><a href="http://www.obec-jenikov.cz/wp-content/uploads/2021/03/3.-Hlavni-vykres-1.pdf">3. Hlavní výkres</a><a href="http://www.obec-jenikov.cz/wp-content/uploads/2021/03/3.-Hlavni-vykres-1.pdf" class="wp-block-file__button" download>Stáhnout</a></div>



<div class="wp-block-file"><a href="http://www.obec-jenikov.cz/wp-content/uploads/2021/03/4.-Vykres-koncepce-verejne-infrastruktury-energetika-telekomunikace.pdf">4. Výkres koncepce veřejné infrastruktury energetika, telekomunikace</a><a href="http://www.obec-jenikov.cz/wp-content/uploads/2021/03/4.-Vykres-koncepce-verejne-infrastruktury-energetika-telekomunikace.pdf" class="wp-block-file__button" download>Stáhnout</a></div>



<div class="wp-block-file"><a href="http://www.obec-jenikov.cz/wp-content/uploads/2021/03/5.-Koordinacni-vykres-1.pdf">5. Koordinační výkres</a><a href="http://www.obec-jenikov.cz/wp-content/uploads/2021/03/5.-Koordinacni-vykres-1.pdf" class="wp-block-file__button" download>Stáhnout</a></div>



<div class="wp-block-file"><a href="http://www.obec-jenikov.cz/wp-content/uploads/2021/03/6.-Vykres-predpokladanych-zaboru-pudniho-fondu.pdf">6. Výkres předpokládaných záborů půdního fondu</a><a href="http://www.obec-jenikov.cz/wp-content/uploads/2021/03/6.-Vykres-predpokladanych-zaboru-pudniho-fondu.pdf" class="wp-block-file__button" download>Stáhnout</a></div>

<p>Úplné znění Územního plánu Jeníkov po změně č.1 Změna č.1 Územního plánu Jeníkov &#8211; vydaná formou opatření obecné povahy dne 12.2.2020, která nabyla účinnost dne 28.2.2020</p>
