{"id":47,"date":"2015-06-22T09:12:10","date_gmt":"2015-06-22T08:12:10","guid":{"rendered":"http:\/\/www.obec-jenikov.cz\/?page_id=47"},"modified":"2023-12-13T16:36:11","modified_gmt":"2023-12-13T15:36:11","slug":"vyhlasky-obce","status":"publish","type":"page","link":"https:\/\/www.obecjenikov.cz\/?page_id=47","title":{"rendered":"Vyhl\u00e1\u0161ky a na\u0159\u00edzen\u00ed obce"},"content":{"rendered":"\n<p>Vyhl\u00e1\u0161ky obce<\/p>\n\n\n\n<ul class=\"wp-block-list\">\n<li><a href=\"http:\/\/www.obec-jenikov.cz\/wp-content\/uploads\/2023\/12\/2-2023-o-mistnim-poplatku-za-obecni-system-odpadoveho-hospodarstvi.pdf\" data-type=\"URL\" data-id=\"http:\/\/www.obec-jenikov.cz\/wp-content\/uploads\/2022\/12\/1-2022-o-mistnim-poplatku-za-obecni-system-odpadoveho-hospodarstvi.pdf\" target=\"_blank\" rel=\"noreferrer noopener\">Obecn\u011b z\u00e1vazn\u00e1 vyhl\u00e1\u0161ka obce \u010d. 2\/2023, o m\u00edstn\u00edm poplatku za obecn\u00ed syst\u00e9m odpadov\u00e9ho hospod\u00e1\u0159stv\u00ed<\/a><\/li>\n\n\n\n<li><a href=\"http:\/\/www.obec-jenikov.cz\/wp-content\/uploads\/2023\/12\/1-2023-o-mistnim-poplatku-ze-psu.pdf\" target=\"_blank\" rel=\"noreferrer noopener\">Obecn\u011b z\u00e1vazn\u00e1 vyhl\u00e1\u0161ka obce \u010d. 1\/2023 o m\u00edstn\u00edm poplatku ze ps\u016f<\/a><\/li>\n\n\n\n<li><a href=\"http:\/\/www.obec-jenikov.cz\/wp-content\/uploads\/2021\/12\/2-2021-obecne-zavazna-vyhlaska-obce-o-stanoveni-obecniho-systemu-odpadoveho-hospodarstvi.pdf\" target=\"_blank\" rel=\"noreferrer noopener\">Obecn\u011b z\u00e1vazn\u00e1 vyhl\u00e1\u0161ka obce \u010d. 2\/2021 o stanoven\u00ed obecn\u00edho syst\u00e9mu odpadov\u00e9ho hospod\u00e1\u0159stv\u00ed<\/a><\/li>\n\n\n\n<li><a href=\"http:\/\/www.obec-jenikov.cz\/wp-content\/uploads\/2021\/02\/1-2021-obecne-zavazna-vyhlaska-obce-kterou-se-stanovuji-pravidla-pro-pohyb-psu-na-verejnem-prostranstvi-a-vymezuji-prostory-pro-volne-pobihani-psu.pdf\" target=\"_blank\" rel=\"noreferrer noopener\">Obecn\u011b z\u00e1vazn\u00e1 vyhl\u00e1\u0161ka obce \u010d. 1\/2021, kterou se stanovuj\u00ed pravidla pro pohyb ps\u016f na ve\u0159ejn\u00e9m prostranstv\u00ed v obci a vymezuj\u00ed prostory pro voln\u00e9 pob\u00edh\u00e1n\u00ed ps\u016f<\/a><\/li>\n\n\n\n<li><a href=\"http:\/\/www.obec-jenikov.cz\/wp-content\/uploads\/2015\/06\/vyhl.-\u010d.-3-2003-o-ve\u0159ejn\u00e9m-po\u0159\u00e1dku.pdf\" target=\"_blank\" rel=\"noreferrer noopener\">Vyhl\u00e1\u0161ka o ve\u0159ejn\u00e9m po\u0159\u00e1dku, \u010distot\u011b a ve\u0159ejn\u00fdch produkc\u00ed<\/a><\/li>\n<\/ul>\n\n\n\n<p>Odkaz na: <a href=\"https:\/\/sbirkapp.gov.cz\/vyhledavani\/vysledek?typ=ozv&amp;ovm=dvma3fi&amp;platnost=&amp;ucinnost_od=&amp;ucinnost_do=&amp;nazev=&amp;number=&amp;znacka=\">sb\u00edrku pr\u00e1vn\u00edch p\u0159edpis\u016f <\/a><\/p>\n\n\n\n<p>Na\u0159\u00edzen\u00ed obce<\/p>\n\n\n\n<ul class=\"wp-block-list\">\n<li><a href=\"http:\/\/www.obec-jenikov.cz\/wp-content\/uploads\/2021\/08\/Narizeni-obce-Jenikov-1-2021-o-zakazu-podomniho-a-pochuzkoveho-prodeje..pdf\" target=\"_blank\" rel=\"noreferrer noopener\">Na\u0159\u00edzen\u00ed obce \u010d. 1\/2021 o z\u00e1kazu podomn\u00edho a poch\u016fzkov\u00e9ho prodeje na \u00fazem\u00ed obce<\/a><\/li>\n<\/ul>\n\n\n\n<p>Ostatn\u00ed<\/p>\n\n\n\n<ul class=\"wp-block-list\">\n<li><a href=\"http:\/\/www.obec-jenikov.cz\/wp-content\/uploads\/2020\/08\/Rad-pohrebiste-Jenikov.pdf\" target=\"_blank\" rel=\"noreferrer noopener\">\u0158\u00e1d ve\u0159ejn\u00e9ho poh\u0159ebi\u0161t\u011b Jen\u00edkov<\/a><\/li>\n\n\n\n<li><a rel=\"noreferrer noopener\" href=\"http:\/\/www.obec-jenikov.cz\/wp-content\/uploads\/2022\/06\/stanoviste-zvlastnich-sbernych-nadob-dle-obecne-zavazne-vyhlasky-2-2021-1.pdf\" target=\"_blank\">stanovi\u0161t\u011b zvl\u00e1\u0161tn\u00edch sb\u011brn\u00fdch n\u00e1dob dle obecn\u011b z\u00e1vazn\u00e9 vyhl\u00e1\u0161ky 2-2021<\/a><\/li>\n<\/ul>\n\n\n\n<p><\/p>\n","protected":false},"excerpt":{"rendered":"<p>Vyhl\u00e1\u0161ky obce Odkaz na: sb\u00edrku pr\u00e1vn\u00edch p\u0159edpis\u016f Na\u0159\u00edzen\u00ed obce Ostatn\u00ed<\/p>\n","protected":false},"author":1,"featured_media":0,"parent":0,"menu_order":0,"comment_status":"closed","ping_status":"closed","template":"","meta":{"jetpack_post_was_ever_published":false,"footnotes":""},"class_list":["post-47","page","type-page","status-publish","hentry","entry"],"jetpack_sharing_enabled":true,"jetpack_shortlink":"https:\/\/wp.me\/PaBo8P-L","jetpack-related-posts":[],"post_mailing_queue_ids":[],"_links":{"self":[{"href":"https:\/\/www.obecjenikov.cz\/index.php?rest_route=\/wp\/v2\/pages\/47","targetHints":{"allow":["GET"]}}],"collection":[{"href":"https:\/\/www.obecjenikov.cz\/index.php?rest_route=\/wp\/v2\/pages"}],"about":[{"href":"https:\/\/www.obecjenikov.cz\/index.php?rest_route=\/wp\/v2\/types\/page"}],"author":[{"embeddable":true,"href":"https:\/\/www.obecjenikov.cz\/index.php?rest_route=\/wp\/v2\/users\/1"}],"replies":[{"embeddable":true,"href":"https:\/\/www.obecjenikov.cz\/index.php?rest_route=%2Fwp%2Fv2%2Fcomments&post=47"}],"version-history":[{"count":29,"href":"https:\/\/www.obecjenikov.cz\/index.php?rest_route=\/wp\/v2\/pages\/47\/revisions"}],"predecessor-version":[{"id":7864,"href":"https:\/\/www.obecjenikov.cz\/index.php?rest_route=\/wp\/v2\/pages\/47\/revisions\/7864"}],"wp:attachment":[{"href":"https:\/\/www.obecjenikov.cz\/index.php?rest_route=%2Fwp%2Fv2%2Fmedia&parent=47"}],"curies":[{"name":"wp","href":"https:\/\/api.w.org\/{rel}","templated":true}]}}